s the highest common divisor of 1593173 and 401?
401
What is the greatest common factor of 1114915 and 155?
155
What is the greatest common factor of 72 and 102456?
72
Calculate the highest common factor of 3818 and 322.
46
Calculate the highest common divisor of 292110 and 1456.
182
What is the highest common divisor of 1591205 and 1155?
385
What is the highest common divisor of 374904 and 144?
72
Calculate the greatest common divisor of 3009 and 12903.
51
What is the highest common divisor of 147406 and 42?
14
What is the highest common factor of 102302 and 2?
2
Calculate the highest common factor of 1133 and 18643.
103
Calculate the greatest common factor of 339898 and 34.
34
Calculate the highest common factor of 633 and 303418.
211
What is the highest common divisor of 3640 and 4030?
130
What is the highest common divisor of 567190 and 598?
26
What is the highest common factor of 9072 and 9558?
162
What is the highest common factor of 2337 and 11562?
123
Calculate the highest common factor of 13114 and 474.
158
What is the greatest common factor of 27390 and 149815?
415
Calculate the greatest common divisor of 167 and 34.
1
What is the highest common factor of 1144 and 625196?
572
What is the greatest common factor of 1660596 and 7?
7
What is the highest common divisor of 491 and 837?
1
What is the highest common divisor of 1304 and 1024?
8
What is the highest common factor of 42 and 62?
2
Calculate the greatest common factor of 1605 and 8805.
15
What is the highest common factor of 400 and 242600?
200
Calculate the greatest common divisor of 306068 and 1929.
643
Calculate the highest common divisor of 44 and 1459744.
44
Calculate the highest common divisor of 57897 and 504.
63
Calculate the greatest common factor of 22100 and 832.
52
Calculate the greatest common divisor of 50043 and 217.
7
What is the highest common divisor of 31244 and 16352?
292
What is the highest common divisor of 31192 and 473450?
1114
What is the greatest common divisor of 12 and 23676?
12
Calculate the greatest common factor of 16464 and 19551.
1029
Calculate the greatest common factor of 217 and 14124964.
217
What is the highest common factor of 48 and 252024?
24
What is the highest common factor of 366 and 416?
2
What is the greatest common divisor of 2380 and 15260?
140
What is the greatest common divisor of 3132 and 10044?
108
Calculate the greatest common divisor of 37454 and 610.
122
What is the highest common divisor of 1992425 and 25?
25
Calculate the greatest common divisor of 9 and 64671.
3
Calculate the highest common factor of 1349875 and 250.
125
Calculate the greatest common factor of 444 and 1677876.
444
Calculate the highest common divisor of 866457 and 513.
513
What is the highest common divisor of 13920 and 135?
15
Calculate the greatest common divisor of 68747 and 833.
49
Calculate the greatest common factor of 519922 and 26.
26
What is the greatest common divisor of 5856 and 24?
24
Calculate the greatest common factor of 75 and 6915.
15
What is the highest common factor of 226848 and 96?
96
Calculate the highest common divisor of 13265 and 595.
35
Calculate the highest common divisor of 261907 and 181.
181
Calculate the highest common divisor of 174 and 16066.
58
What is the highest common divisor of 1027 and 23858?
79
What is the highest common divisor of 305 and 40199?
61
What is the highest common divisor of 3497 and 13?
13
What is the greatest common factor of 855 and 819603?
171
What is the greatest common divisor of 196305 and 8970?
345
Calculate the highest common factor of 33806 and 10.
2
What is the highest common factor of 660226 and 28?
14
What is the greatest common factor of 208816 and 31?
31
What is the greatest common factor of 168622 and 1888?
118
Calculate the greatest common factor of 1604 and 2807.
401
Calculate the highest common divisor of 264 and 1133.
11
What is the greatest common factor of 103814 and 4?
2
What is the greatest common factor of 5306583 and 69?
69
What is the greatest common factor of 5994 and 140526?
666
Calculate the greatest common factor of 8 and 135008.
8
Calculate the greatest common divisor of 21 and 381913.
7
What is the greatest common factor of 36 and 209436?
12
Calculate the greatest common factor of 57309 and 14.
7
What is the highest common factor of 174 and 4290666?
174
What is the highest common divisor of 85065 and 636?
159
What is the highest common factor of 7615 and 5?
5
Calculate the highest common divisor of 382340 and 1400.
140
What is the greatest common divisor of 176 and 218383?
11
What is the highest common divisor of 34006 and 441?
49
What is the greatest common divisor of 71335 and 33?
11
Calculate the highest common divisor of 81603 and 18.
9
What is the highest common divisor of 572672 and 1024?
256
What is the highest common divisor of 315 and 448?
7
Calculate the greatest common divisor of 990 and 411930.
90
What is the highest common factor of 5049 and 2619?
27
Calculate the greatest common factor of 31180 and 148.
4
Calculate the highest common divisor of 3351 and 3353234.
1117
What is the highest common divisor of 310240 and 2800?
560
Calculate the greatest common divisor of 2101338 and 54.
18
What is the highest common divisor of 506 and 1210099?
253
Calculate the highest common factor of 3069 and 62821.
11
Calculate the greatest common divisor of 376 and 638824.
376
Calculate the highest common factor of 2701 and 3577.
73
Calculate the greatest common divisor of 655 and 917.
131
What is the greatest common factor of 80 and 1087440?
80
What is the highest common factor of 150010 and 25?
5
Calculate the greatest common factor of 84 and 1618148.
28
Calculate the highest common factor of 81 and 14814.
9
Calculate the highest common factor of 1689435 and 1485.
495
Calculate the greatest common divisor of 594 and 192522.
66
Calculate the highest common divisor of 67 and 57419.
67
What is the highest common divisor of 15499 and 77?
11
What is the highest common divisor of 188 and 53674?
94
Calculate the highest common factor of 1071 and 12047.
7
Calculate the greatest common factor of 570 and 1472310.
570
What is the highest common divisor of 42950 and 200?
50
What is the greatest common factor of 4104 and 6802?
38
What is the highest common divisor of 48 and 1559192?
8
Calculate the greatest common divisor of 552 and 2162.
46
Calculate the highest common divisor of 13114 and 1264.
158
What is the greatest common divisor of 96 and 175744?
32
Calculate the highest common factor of 1120 and 820.
20
What is the highest common factor of 4294075 and 10?
5
Calculate the greatest common divisor of 223 and 388243.
223
What is the highest common factor of 444 and 1668?
12
What is the highest common factor of 172675 and 50?
25
What is the highest common factor of 222 and 395160?
222
Calculate the greatest common divisor of 38 and 141037.
19
Calculate the greatest common divisor of 5690 and 737424.
1138
Calculate the greatest common divisor of 149163 and 21.
21
What is the highest common divisor of 45 and 70635?
15
What is the greatest common factor of 806 and 7533?
31
Calculate the greatest common divisor of 243957 and 21.
21
What is the highest common divisor of 222950 and 65?
65
Calculate the greatest common factor of 14096 and 432.
16
Calculate the highest common divisor of 48 and 51456.
48
Calculate the highest common factor of 8476 and 52812.
652
Calculate the highest common factor of 5076 and 135.
27
Calculate the greatest common divisor of 57893 and 831.
277
Calculate the greatest common divisor of 6682635 and 270.
135
Calculate the greatest common factor of 2064 and 648.
24
Calculate the highest common factor of 28595 and 430.
215
What is the highest common divisor of 2122220 and 580?
580
What is the highest common divisor of 54225 and 6075?
225
What is the greatest common factor of 45 and 76995?
45
Calculate the highest common divisor of 2147 and 475.
19
What is the greatest common divisor of 9375 and 2475?
75
Calculate the greatest common factor of 73702 and 1634.
86
What is the greatest common divisor of 697 and 51537?
41
Calculate the greatest common divisor of 29712 and 102.
6
Calculate the highest common factor of 1500 and 4360.
20
What is the highest common factor o